f 2489911 and 11.
1
Calculate the greatest common factor of 725 and 108802775.
25
Calculate the highest common factor of 456408 and 5337.
9
What is the highest common factor of 508 and 5658993?
127
Calculate the highest common factor of 39 and 23152298.
13
Calculate the greatest common factor of 59856080 and 7296.
304
What is the greatest common factor of 1944 and 7205922?
486
What is the greatest common divisor of 3999577963 and 2537?
2537
What is the highest common factor of 46116 and 251930?
854
What is the highest common divisor of 748 and 170427244?
68
What is the greatest common divisor of 11844909 and 4257?
387
What is the greatest common factor of 40229886 and 44442?
4938
What is the highest common divisor of 27993 and 61070793?
903
What is the greatest common factor of 1122506 and 186362?
4334
What is the highest common divisor of 16875 and 249885?
135
What is the greatest common factor of 119 and 11462787?
7
What is the highest common divisor of 3678797066 and 658?
658
Calculate the highest common factor of 77899 and 4067.
1
What is the highest common divisor of 32944477 and 12572?
449
What is the greatest common divisor of 12 and 23574732?
12
Calculate the highest common factor of 5947232 and 814.
74
What is the highest common divisor of 240254 and 39998?
14
What is the highest common divisor of 708 and 19752020?
236
Calculate the greatest common factor of 294705 and 63823545.
7965
Calculate the highest common factor of 4442555 and 20.
5
Calculate the highest common factor of 1552584 and 2046.
66
What is the greatest common divisor of 24 and 25070544?
24
What is the highest common divisor of 29 and 23139593?
29
Calculate the greatest common factor of 25070 and 57190.
10
What is the highest common factor of 64901924 and 4700?
188
Calculate the greatest common factor of 22678 and 123896.
34
Calculate the greatest common divisor of 10608 and 5889616.
272
What is the highest common factor of 24182020 and 60?
20
What is the greatest common factor of 182 and 2416498?
14
What is the greatest common divisor of 7585976 and 2?
2
What is the highest common factor of 2765 and 291229155?
2765
What is the highest common factor of 30716 and 9401?
7
Calculate the highest common divisor of 442 and 76393954.
442
Calculate the greatest common divisor of 1188 and 89716.
44
Calculate the greatest common divisor of 244224 and 57856.
512
What is the highest common divisor of 255 and 543575595?
255
What is the highest common factor of 9 and 5531829?
3
Calculate the greatest common factor of 1607499 and 69687.
783
Calculate the highest common factor of 3150 and 2461830.
210
Calculate the greatest common factor of 100638820 and 152.
76
What is the highest common factor of 15965664 and 4224?
1056
What is the greatest common factor of 440 and 524440?
40
What is the highest common divisor of 108 and 4417836?
12
What is the greatest common factor of 21356510 and 210?
70
What is the greatest common divisor of 781998 and 292572?
1806
Calculate the greatest common divisor of 3031713 and 36.
9
Calculate the greatest common factor of 956 and 668.
4
What is the greatest common divisor of 12 and 13421820?
12
Calculate the greatest common factor of 900 and 15402300.
300
What is the highest common divisor of 183 and 28343284?
61
Calculate the highest common factor of 12397 and 896218.
23
Calculate the greatest common divisor of 126119 and 20531.
2933
Calculate the highest common divisor of 30186 and 179010.
702
What is the highest common divisor of 57925579 and 6081?
2027
Calculate the highest common factor of 15 and 111336000.
15
What is the greatest common divisor of 46 and 203554?
2
Calculate the greatest common divisor of 9792 and 4475808.
288
Calculate the greatest common factor of 5180 and 8928470.
370
Calculate the highest common divisor of 225 and 2048275.
25
Calculate the highest common factor of 6174144 and 93692.
1588
What is the greatest common factor of 112 and 26333872?
16
Calculate the greatest common divisor of 38199452 and 257.
257
What is the greatest common divisor of 3343914 and 672?
42
Calculate the greatest common factor of 315 and 341355.
105
Calculate the highest common factor of 208633 and 38272.
23
What is the greatest common divisor of 552890 and 6890?
130
Calculate the highest common divisor of 7787012 and 356156.
1076
Calculate the highest common factor of 2813160 and 20488.
1576
Calculate the greatest common factor of 3 and 24017781.
3
What is the greatest common factor of 6893 and 57981317?
113
Calculate the greatest common factor of 36062920 and 16.
8
Calculate the greatest common factor of 69447 and 17031.
21
What is the highest common divisor of 384 and 655642848?
96
Calculate the highest common divisor of 1812980 and 178334.
494
Calculate the highest common factor of 1450 and 1437965.
145
Calculate the greatest common factor of 16301044 and 12804.
388
Calculate the highest common factor of 30570 and 202260.
30
What is the greatest common divisor of 67148101 and 24017?
3431
Calculate the greatest common factor of 2560 and 10847456.
32
Calculate the greatest common factor of 123924 and 74983.
449
Calculate the highest common factor of 494605 and 355725.
155
Calculate the highest common divisor of 630 and 52326.
18
What is the highest common divisor of 19530066 and 4482?
498
What is the greatest common factor of 80982536 and 8?
8
What is the highest common factor of 3984 and 776300992?
1328
Calculate the greatest common divisor of 568617863 and 11.
11
Calculate the highest common divisor of 2498212 and 44936.
164
Calculate the greatest common factor of 5362779 and 7032.
879
What is the greatest common divisor of 29783068 and 1442?
1442
Calculate the greatest common factor of 17530 and 9481977.
1753
Calculate the greatest common divisor of 401350 and 3818.
46
What is the highest common factor of 12408690 and 210?
210
What is the greatest common divisor of 2157396920 and 21720?
7240
What is the highest common divisor of 12367 and 5049312?
149
Calculate the greatest common factor of 2354448591 and 99.
99
What is the highest common divisor of 653910 and 3270?
30
What is the greatest common divisor of 5 and 209663715?
5
What is the highest common divisor of 33 and 72634056?
33
Calculate the greatest common factor of 548 and 256184657.
137
Calculate the greatest common divisor of 66381 and 11804373.
2289
Calculate the highest common factor of 12221 and 18909.
11
What is the highest common factor of 1347809 and 119763?
1901
Calculate the greatest common divisor of 30150996 and 714.
102
What is the highest common divisor of 194921 and 247399?
19
What is the highest common factor of 115 and 43974965?
115
Calculate the greatest common divisor of 12717 and 6379067.
157
Calculate the highest common factor of 1207945152 and 36.
36
What is the highest common divisor of 9453328 and 840?
8
What is the highest common divisor of 435 and 166841060?
145
Calculate the greatest common factor of 688294 and 55283.
59
Calculate the highest common divisor of 256377 and 94061.
187
What is the highest common divisor of 2149 and 984686843?
2149
What is the greatest common factor of 54117 and 17955?
63
What is the greatest common factor of 132 and 19008726?
66
What is the greatest common divisor of 659062 and 139583?
1439
What is the greatest common divisor of 1046143707 and 1449?
483
Calculate the highest common divisor of 616410 and 5427.
81
Calculate the highest common divisor of 8 and 189224432.
8
Calculate the highest common divisor of 416 and 189293000.
104
Calculate the highest common factor of 4953 and 12811422.
39
Calculate the greatest common divisor of 1878 and 15366.
6
Calculate the greatest common factor of 434 and 2341151.
31
Calculate the highest common divisor of 880180 and 1660.
20
What is the greatest common divisor of 8041 and 10663488?
187
Calculate the highest common factor of 248 and 351745220.
124
Calculate the highest common divisor of 114763707 and 18.
9
What is the greatest common factor of 43008640 and 4720?
4720
What is the greatest common factor of 6107156 and 88?
44
Calculate the highest common factor of 25482523 and 11.
11
Calculate the highest common factor of 3841 and 10712382.
167
Calculate the highest common divisor of 1745185 an